{"id":1907,"date":"2010-10-07T22:30:28","date_gmt":"2010-10-07T21:30:28","guid":{"rendered":"https:\/\/sockenseite.de\/wordpress\/?page_id=2"},"modified":"2010-10-07T22:30:28","modified_gmt":"2010-10-07T21:30:28","slug":"sockenseite","status":"publish","type":"page","link":"https:\/\/sockenseite.de\/wordpress\/about\/sockenseite\/","title":{"rendered":"sockenseite.de"},"content":{"rendered":"<p>Vor einiger Zeit gab es mal die <a href=\"http:\/\/web.archive.org\/*\/http:\/\/www.sockenseite.de\">Sockenseite<\/a>, die vor allem einem Konzept folgte: kreatives Durcheinander. Es gab dort Infos \u00fcber die Bands, in denen ich spielte, Songtexte und Gedichte, FAQs zu diversen Themen aus dem Usenet, irgendwelche h\u00f6chst subjektive Bestenlisten, ein paar Stellungnahmen zum damals w\u00fctenden Browserkrieg. Alles und nichts also.<\/p>\n<p>Dann gab es ein lang<s>weilig<\/s>fristiges Kurzexperiment namens <a href=\"http:\/\/web.archive.org\/web\/20080504063741\/sockenseite.de\/\">Sockenblog<\/a>, das aus verschiedenen Gr\u00fcnden, mit denen ich Euch nicht langweilen will, scheiterte und selbst dabei jede Grandiosit\u00e4t vermied.<\/p>\n<p>Das soll nun anders werden. Hier entsteht also die neue Sockenseite, was hei\u00dfen soll: <a href=\"die_socke\/\">die_socke<\/a> schreibt hier. Oder auch nicht.  (Die Inhalte der <a href=\"http:\/\/web.archive.org\/*\/http:\/\/www.sockenseite.de\">Vorg\u00e4ngerversionen von sockenseite.de<\/a> werde ich irgendwann <a href=\"https:\/\/sockenseite.de\/archiv.html\">irgendwo<\/a> einbinden.)<\/p>\n<p><b>Update (2010-10-13):<\/b> Ein Schnellschuss, aber immerhin eine Art Einbindung: <a href=\"https:\/\/sockenseite.de\/archiv.html\">Voil\u00e0<\/a>!<\/p>\n","protected":false},"excerpt":{"rendered":"<p>Vor einiger Zeit gab es mal die Sockenseite, die vor allem einem Konzept folgte: kreatives Durcheinander. Es gab dort Infos \u00fcber die Bands,&hellip;<\/p>\n","protected":false},"author":1,"featured_media":0,"parent":109,"menu_order":98,"comment_status":"open","ping_status":"closed","template":"","meta":{"footnotes":""},"class_list":["post-1907","page","type-page","status-publish","hentry"],"_links":{"self":[{"href":"https:\/\/sockenseite.de\/wordpress\/wp-json\/wp\/v2\/pages\/1907","targetHints":{"allow":["GET"]}}],"collection":[{"href":"https:\/\/sockenseite.de\/wordpress\/wp-json\/wp\/v2\/pages"}],"about":[{"href":"https:\/\/sockenseite.de\/wordpress\/wp-json\/wp\/v2\/types\/page"}],"author":[{"embeddable":true,"href":"https:\/\/sockenseite.de\/wordpress\/wp-json\/wp\/v2\/users\/1"}],"replies":[{"embeddable":true,"href":"https:\/\/sockenseite.de\/wordpress\/wp-json\/wp\/v2\/comments?post=1907"}],"version-history":[{"count":0,"href":"https:\/\/sockenseite.de\/wordpress\/wp-json\/wp\/v2\/pages\/1907\/revisions"}],"up":[{"embeddable":true,"href":"https:\/\/sockenseite.de\/wordpress\/wp-json\/wp\/v2\/pages\/109"}],"wp:attachment":[{"href":"https:\/\/sockenseite.de\/wordpress\/wp-json\/wp\/v2\/media?parent=1907"}],"curies":[{"name":"wp","href":"https:\/\/api.w.org\/{rel}","templated":true}]}}